**3 + 11*b**2 + 5*b + 11. Let s be 11/1 + -1 + 1. Let h be i(s). Calculate the highest common factor of 6 and h.
6
Let m = 28 + -5. Calculate the highest common factor of 161 and m.
23
Let w be 1 + (1 + -2 - 1). Let n be (-3)/(-3) + (2 - w). Suppose 5*s = -0*s + 100. What is the greatest common factor of s and n?
4
Suppose 4*h - 255 = 273. Suppose 0 = 4*b + 3*u - 57, -3*u - 15 = -b - b. What is the greatest common divisor of b and h?
12
Suppose 12 = 3*g, 0*b + 3*g = b + 10. Let j be -103 + (b - 1 - 0). Let k be (-2)/(-4) - j/4. What is the greatest common divisor of k and 39?
13
Let l(h) = 2*h**3 + 26*h**2 + 8. Let c be l(-13). What is the greatest common divisor of 1 and c?
1
Let m = 38 - 23. Calculate the highest common factor of 165 and m.
15
Suppose -c + 25 = 4*c. Suppose -2*a + 2*b + 0*b + 24 = 0, -c*b = 10. Calculate the greatest common divisor of 40 and a.
10
Suppose o = -5*x - 0*o + 59, x = -5*o + 31. Let s = -22 + 33. Calculate the greatest common divisor of s and x.
11
Let l = -251 + 476. What is the highest common divisor of l and 45?
45
Let v(m) = m**2 - m - 3. Suppose -2*i - 12 = -6*i. Let l be v(i). Suppose -k = -0*k - 4, -g + l*k - 1 = 0. Calculate the greatest common factor of 11 and g.
11
Let r be 8*(-4)/(16/(-9)). Let k = r + -8. Let c(a) = -19*a - 5. Let n be c(-5). What is the highest common factor of n and k?
10
Let t = -541 + 556. Suppose 7 = -4*r + 19. What is the highest common factor of r and t?
3
Suppose 0 = -2*z + 2, -3 = 4*m - z - 14. Suppose -m*g + g - 2*r = -14, g - 2*r + 2 = 0. Suppose g*w = 25 + 23. What is the greatest common factor of 30 and w?
6
Suppose 100 - 16 = 3*d. Suppose -s + d = s. Calculate the greatest common divisor of s and 154.
14
Let p = -4 + 7. Let o be 5/1 + (0 - p). Suppose 0 = -4*i - o*v + 424, -4*v - 116 = -i - 2*v. Calculate the greatest common divisor of 18 and i.
18
Suppose 3*d - 9 = -0*d. Let q(n) = 2*n**2 - n + 1. Let w be q(d). What is the highest common divisor of 144 and w?
16
Let d be (-1)/(-3*3/171). What is the highest common divisor of d and 95?
19
Let y be (-2)/6 + (-314)/(-6). Let q = 14 + y. What is the greatest common divisor of q and 11?
11
Let i = -80 + 132. Suppose 2*t + i = 4*t + 2*g, 4*t + g - 92 = 0. Let v = t - -28. What is the highest common factor of 20 and v?
10
Suppose -3*c = -4*c + 2. What is the highest common divisor of 2 and c?
2
Let q be -3*(-1 + 7/(-3)). Suppose -3*i - q = -4*i. Let g = 6 + -2. Calculate the highest common divisor of i and g.
2
Suppose j = -4*m + 8*m + 43, 0 = 2*j - 5*m - 95. What is the highest common divisor of j and 5?
5
Suppose -3*b - 2*b - 3*n = -98, 4*n + 34 = 2*b. Let r(m) = -m**3 - 12*m**2 - 10*m + 13. Let a be r(-12). Calculate the greatest common factor of a and b.
19
Let g be 10*6/(-20)*-2. Suppose -2*w + 60 = 3*w. What is the greatest common divisor of w and g?
6
Suppose 0 = j + 2 - 6. Suppose j = 2*a - 4. Suppose -9*p + x + 56 = -a*p, 3*p - x = 34. What is the greatest common divisor of 11 and p?
11
Suppose 0*c + 2*c = 4, -3*c + 31 = y. What is the highest common factor of y and 25?
25
Let w = -228 + 463. Let z be 6/10 + w/25. What is the greatest common factor of 70 and z?
10
Suppose 3*b - 6 = -69. Let o = -3 - b. Calculate the highest common factor of 126 and o.
18
Suppose -3*i = -0*i + 12. Let s be i/(-6)*54/12. Let w be -2*1*(-4 - s). What is the greatest common factor of 98 and w?
14
Let o = 44 + 10. Calculate the highest common divisor of 6 and o.
6
Let m be (-8)/(3 - 1) - -1. Let f(a) = -a**3 - 3*a**2 - 4*a - 3. Let c be f(m). What is the highest common divisor of 9 and c?
9
Suppose 5*z - 493 + 143 = 0. Let g = z + -49. Suppose j - 10 = -2*d, -d + 3*j - j = -15. What is the highest common divisor of g and d?
7
Suppose 0 = -0*w - 4*w + 144. Calculate the greatest common factor of w and 4.
4
Let k = 6 + -4. Suppose -k*h = -0*h. Suppose 5*q + 16 - 51 = h. What is the highest common factor of q and 28?
7
Suppose -3*n + 25 = 2*n. Calculate the highest common factor of 20 and n.
5
Suppose 4*k + 0*k - 48 = 0. What is the highest common divisor of k and 8?
4
Suppose -2*v = -0*v + 194. Let x = v + 157. Calculate the highest common factor of x and 24.
12
Let d be ((-3)/6)/(3/(-42)). Calculate the highest common factor of 56 and d.
7
Suppose s + 5*b - 91 = 0, 5*b - 3*b = -5*s + 455. Let a = -31 - 20. Let l = a + s. What is the highest common factor of 10 and l?
10
Let t = -7 + 12. Suppose -4*y = g + 16, t*y + 9 = -0*g - 4*g. Suppose -56 = -0*c - 2*c. What is the highest common divisor of g and c?
4
Let i(c) = -103*c + 27*c + 3 - 6 + 2. Let f be i(-1). What is the highest common factor of 15 and f?
15
Let o = 84 + -170. Let p = o - -142. What is the highest common factor of p and 140?
28
Let s(n) = -n**2 + 2*n. Let a be s(2). Suppose a = 5*k - 69 - 6. Calculate the greatest common factor of k and 135.
15
Let s(t) = -t**3 - 6*t**2 - 5*t + 2. Let i be 6/3 + (-5 - 2). Let g be s(i). What is the highest common factor of 10 and g?
2
Let h = 96 + 47. Calculate the greatest common factor of h and 13.
13
Let v = 3 - 3. Let o = v + 6. What is the highest common divisor of 12 and o?
6
Let c(l) = l**2 + 42. Let p(w) = w - 2. Let t be p(2). Let h be c(t). Let f = -268 + 282. What is the highest common factor of h and f?
14
Let o be 6/(2 + (-3)/6). Suppose -2*f = -o*f + 56. Let c be (0 - 6)/((-3)/f). Calculate the greatest common factor of 7 and c.
7
Suppose 14*c - 2 = 12*c. What is the greatest common factor of c and 7?
1
Let f be (16/(-6))/(190/(-45) - -4). Calculate the highest common divisor of f and 18.
6
Suppose 0 = -c + x + 156, -5*c + 2*x - 30 = -798. What is the highest common factor of c and 19?
19
Let v = -57 - -121. Let z be (v/(-10))/(2/(-5)). Calculate the greatest common factor of z and 128.
16
Let x(p) be the second derivative of 5*p**4/3 - p**3/6 + p**2 - 2*p. Let a be x(2). What is the highest common factor of 32 and a?
16
Let w be (2/4)/((-7)/(-28)). What is the greatest common divisor of 5 and w?
1
Let w = -8 - -96. Let v be -6 + 2 + 10 - -16. Calculate the greatest common divisor of w and v.
22
Suppose -11*u + 16*u - 420 = 0. What is the greatest common divisor of 21 and u?
21
Let m = -146 - -149. Let q be 1*(12 - 1 - -1). What is the greatest common divisor of m and q?
3
Let y(v) = v**3 + 3*v**2 + 4*v + 3. Let b be y(-2). Let h be (-3)/3*(b - 0). Let q(k) = 8*k - 1. Let u be q(h). What is the highest common factor of u and 28?
7
Let c = -170 + 216. Let q be (-28)/6*(-3 + 0). Let p = q + 9. What is the greatest common factor of c and p?
23
Suppose 4*s = 27 + 17. Let q(w) be the third derivative of w**5/20 + w**4/3 + w**3 - 2*w**2. Let g be q(-6). What is the greatest common factor of s and g?
11
Let s(o) = -40*o - 10. Let w be s(-2). What is the greatest common divisor of w and 42?
14
Let p(x) = -19*x - 2. Let g be p(-2). Let t(f) = f**3 - 9*f**2 - 9*f - 1. Suppose 6*s = s + 50. Let j be t(s). Calculate the greatest common divisor of j and g.
9
Let t(m) = m**3 + 8*m**2 - m - 4. Let x be t(-8). Let s be (-32)/(-10)*50/x. Suppose -40 - s = -5*c. What is the greatest common divisor of c and 2?
2
Suppose -5*f + 30 + 15 = 3*x, 3*x = -2*f + 18. Suppose 0 = -4*p + 2*q + 148, 5*p + 3*q - 198 - f = 0. Calculate the highest common divisor of 26 and p.
13
Let x(g) = -5*g**3 - g**2 + g. Let t be x(2). Let i = t + -2. Let f be (3/6)/((-2)/i). What is the greatest common divisor of 22 and f?
11
Let a = -69 - -83. What is the highest common divisor of 126 and a?
14
Let x be 0/(-2) + -3 + 7. Suppose -x*f - 3*f = -210. Calculate the highest common factor of f and 5.
5
Suppose -5*a - 3*k = -16 - 74, 4*a - 4*k - 104 = 0. What is the highest common factor of a and 21?
21
Suppose -5*w - 3*v + 53 = -4*v, -w = 4*v - 19. Let b be (-1)/((-9)/3)*-3. Let s be 1*(-2 + 1)/b. What is the highest common divisor of s and w?
1
Suppose -i + 59 + 300 = 3*z, 0 = -4*z - i + 479. What is the greatest common factor of 30 and z?
30
Let l = 269 + -171. Suppose 0 = 3*m + 2*m - 255. Suppose 4*i - y = m, y + y = 3*i - 32. What is the highest common divisor of l and i?
14
Let x be (-3)/(-3)*(3 + 0). Suppose x*m + 2*m - 50 = 0. Calculate the greatest common divisor of m and 20.
10
Let r = -11 + 15. Suppose 4*i + 0*v = -r*v + 184, 0 = 4*v - 4. Let d = i - -81. What is